2 - -243?
1320
In base 3, what is 2220020 - 2101?
2210212
In base 4, what is 200200 + -311?
133223
In base 7, what is -2 + -32065?
-32100
In base 6, what is 2024 - 120043?
-114015
In base 14, what is -15 - 2dd?
-314
In base 13, what is 78 - -54?
cc
In base 5, what is 1222430 + -233?
1222142
In base 5, what is -200 + -1404?
-2104
In base 16, what is 748673 - -1?
748674
In base 14, what is 1d57 - -57?
1db0
In base 6, what is -100035 - -5?
-100030
In base 15, what is -1c3 - -2c?
-196
In base 6, what is -1301102 - -10?
-1301052
In base 4, what is -11132333 + -103?
-11133102
In base 13, what is 178a8 - 0?
178a8
In base 4, what is 2 - 200323103?
-200323101
In base 3, what is 21211202112 + 10?
21211202122
In base 7, what is 1 - -4642554?
4642555
In base 4, what is -2 + -11130322130?
-11130322132
In base 2, what is -10010100 + -101000?
-10111100
In base 7, what is -404562 - -34?
-404525
In base 2, what is 11000100100111 + -110?
11000100100001
In base 11, what is 6a - -29366?
29425
In base 3, what is -12201 + 221210210?
221121002
In base 11, what is -598a + -470?
-634a
In base 11, what is -52650 - 31?
-52681
In base 14, what is 2727 - 17?
2710
In base 11, what is -1867 - 9?
-1875
In base 8, what is -136000 - -5?
-135773
In base 11, what is 4 - 10622?
-10619
In base 14, what is -2 + 13d?
13b
In base 11, what is 0 - 285014?
-285014
In base 6, what is 5 + -340442?
-340433
In base 8, what is 407202 + 3?
407205
In base 6, what is -10 + 4304241?
4304231
In base 4, what is 10 - -3003202121?
3003202131
In base 9, what is -5 - 21416?
-21422
In base 11, what is -850452 + -4?
-850456
In base 7, what is -23065 - 13?
-23111
In base 7, what is -64 - -103052?
102655
In base 4, what is 2022 - 13000?
-10312
In base 12, what is -92 - 89?
-15b
In base 6, what is 100 - -2021?
2121
In base 14, what is 1 + -20497?
-20496
In base 8, what is -1242 + 6115?
4653
In base 5, what is -243 + 43140?
42342
In base 5, what is -1023 - -3314?
2241
In base 2, what is 11100011100110 + 101011?
11100100010001
In base 12, what is -ba + -11?
-10b
In base 4, what is 1012302 - -20?
1012322
In base 7, what is -534 - 641?
-1505
In base 14, what is 63a4 + -3?
63a1
In base 16, what is -677 + 120?
-557
In base 7, what is -45232 - -22?
-45210
In base 6, what is 12 - -32110551?
32111003
In base 11, what is 9939 + 4?
9942
In base 10, what is 5 - 758477?
-758472
In base 16, what is 4 + -4ac6?
-4ac2
In base 9, what is 48756 - -26?
48783
In base 11, what is -31 - 301?
-332
In base 5, what is -2 + -1401420?
-1401422
In base 4, what is 11201301 + 1221?
11203122
In base 2, what is 1010001101000 - -1?
1010001101001
In base 11, what is -52 - 483?
-525
In base 2, what is 111110000101 + -11000?
111101101101
In base 15, what is -ce - 1cba?
-1d99
In base 12, what is a + 2436?
2444
In base 11, what is -5 - -19724?
1971a
In base 7, what is 4 + -6640664?
-6640660
In base 9, what is -2061 - 158?
-2230
In base 16, what is -27035 - -2?
-27033
In base 2, what is 110010111000111 - 1111?
110010110111000
In base 6, what is -201 + -1004024?
-1004225
In base 10, what is -118139 + 1?
-118138
In base 9, what is 706620 - -3?
706623
In base 13, what is -222 + -2639?
-285b
In base 4, what is -1 + 10131121?
10131120
In base 12, what is -5 + 2b4751?
2b4748
In base 13, what is -6a6 - 2449?
-2b22
In base 15, what is 9a - 17?
83
In base 14, what is -16 - 4729?
-4741
In base 7, what is 3 - 44200?
-44164
In base 12, what is 0 + -385b1?
-385b1
In base 11, what is -250559 + -5?
-250563
In base 12, what is a0 + -164?
-84
In base 15, what is e3 - 35?
ad
In base 12, what is -304083 - 4?
-304087
In base 14, what is -c005 - -9?
-bdda
In base 5, what is -3 + -300010?
-300013
In base 16, what is 98dfd - -5?
98e02
In base 13, what is 6 - -20601?
20607
In base 15, what is -4 - -2b48?
2b44
In base 7, what is 635434 - -5?
635442
In base 7, what is -341313 + 13?
-341300
In base 16, what is 44 - 37?
d
In base 11, what is 5 - 700a?
-7005
In base 12, what is -6802 + 5?
-67b9
In base 16, what is -6060b + -5?
-60610
In base 4, what is 131110130 + -303?
131103221
In base 13, what is 3 - -baa?
bb0
In base 13, what is -1 + 6380?
637c
In base 11, what is -12 - 2a1a7?
-2a209
In base 10, what is -77 - 940?
-1017
In base 12, what is -21 - 127a0?
-12801
In base 4, what is -10 - 310000?
-310010
In base 12, what is 23b274 + -1?
23b273
In base 10, what is 269 + -347?
-78
In base 9, what is 26 + -1075?
-1048
In base 14, what is 275b2c + -5?
275b27
In base 14, what is -15 - -a424?
a40d
In base 15, what is -2 + -1b90?
-1b92
In base 13, what is -10b03 + 37?
-10a99
In base 12, what is 11 - -1b243?
1b254
In base 9, what is -51 - -60532?
60471
In base 12, what is 10 - -2797a?
2798a
In base 9, what is -1343 + -472?
-1825
In base 10, what is -3014 + -88?
-3102
In base 5, what is -31122330 + -4?
-31122334
In base 5, what is -104300 - 3?
-104303
In base 8, what is 54 + 460?
534
In base 11, what is 1 - 400981?
-400980
In base 5, what is 0 - 1310010?
-1310010
In base 6, what is -2 - 114142?
-114144
In base 4, what is -211 + -31010?
-31221
In base 11, what is -3a + -39a?
-429
In base 14, what is 343 + 19?
35c
In base 2, what is 1110101101110101 - -11?
1110101101111000
In base 12, what is -2755 + -2?
-2757
In base 5, what is -10412 + -32?
-10444
In base 4, what is -101130131302 + -10?
-101130131312
In base 14, what is -8 - 3a9b?
-3aa5
In base 14, what is -11398 + -2?
-1139a
In base 5, what is 2123103 - 11?
2123042
In base 4, what is -1213 - 21100?
-22313
In base 10, what is 20 - 85075?
-85055
In base 11, what is 11 + 17321?
17332
In base 7, what is -611203 + -26?
-611232
In base 12, what is -66 + -1a82?
-1b28
In base 4, what is -1 - -2203213?
2203212
In base 16, what is f + -21112?
-21103
In base 16, what is -143fc0 - -3?
-143fbd
In base 9, what is 134 - 670?
-535
In base 7, what is 544 - -6131?
10005
In base 12, what is a - -677a?
6788
In base 3, what is -22101012 + 0?
-22101012
In base 13, what is 13 - 24b0?
-249a
In base 7, what is -3 + 431320?
431314
In base 11, what is 8806 - -40?
8846
In base 7, what is 1346 - -231?
1610
In base 4, what is -200300 - 1202?
-202102
In base 6, what is -10534 - 24?
-11002
In base 8, what is -6327 - 14?
-6343
In base 12, what is -b82 - -2a?
-b54
In base 16, what is -35 + 325f?
322a
In base 16, what is -66a - -b?
-65f
In base 12, what is -2 - -b02a?
b028
In base 7, what is 10655454 - 1?
10655453
In base 14, what is -91 - 85?
-136
In base 6, what is -15 + -552441?
-552500
In base 8, what is 72407 - 3?
72404
In base 14, what is 3672 - -2?
3674
In base 16, what is -16f42 - 0?
-16f42
In base 14, what is -5 + 5922?
591b
In base 14, what is 9a3 + -3?
9a0
In base 11, what is -372a - 6a?
-3799
In base 7, what is 11653 + 606?
12562
In base 5, what is -101 - 313131?
-313232
In base 9, what is 5 + 114437?
114443
In base 3, what is -2222211122 + 20?
-2222211102
In base 13, what is 45 - 344?
-2cc
In base 12, what is 2 - 138b4?
-138b2
In base 5, what is -2 + 1210432?
1210430
In base 4, what is 3131102202 + -10?
3131102132
In base 13, what is 4c403 - -18?
4c41b
In base 15, what is -1cd797 + 4?
-1cd793
In base 6, what is 2123 + 2?
2125
In base 4, what is 1 + 2131223?
2131230
In base 10, what is 383044 - 4?
383040
In base 10, what is 3657 - -369?
4026
In base 11, what is -1 + -9aa89?
-9aa8a
In base 12, what is -3 - 746?
-749
In base 7, what is 311046 + 4?
311053
In base 3, what is -2 + -1000210010?
-1000210012
In base 16, what is 4 - 302e?
-302a
In base 14, what is -43229 + -1?
-4322a
In base 4, what is -11032 + -11000?
-22032
In base 14, what is -4 - -5818?
5814
In base 9, what is 8521 + -11?
8510
In base 6, what is -53054 - 13?
-53111
In base 15, what is -1 + 65da0?
65d9e
In base 3, what is -10 - -11011010202?
11011010122
In base 8, what is -2 + -2344250?
-2344252
In base 10, what is 0 + -35016?
-35016
In base 16, what is -11 - -4ac7?
4ab6
In base 8, what is -4 + -127406?
-127412
In base 11, what is -a351 - 1?
-a352
In base 2, what is 1011100111111 - -10011?
1011101010010
In base 14, what is -4 + 7d96?
7d92
In base 13, what is 3195 + -6?
318c
In base 8, what is 2316 - 1?
2315
In base 4, what is 2 + -31020?
-31012
In base 15, what is 4 - c4?
-c0
In base 9, what is -2357 - -20?
-2337
In base 12, what is -b1 - -239?
148
In base 10, what is 1227 + 8?
1235
In bas